y i?
12
Let z = -28 - -36. Suppose -3*d + 13 = -3*v + 2*v, -3*d - 5*v = -7. Suppose z*j - 84 = -d*j. What is the remainder when 36 is divided by j?
1
Calculate the remainder when -14 + 19 + 253 + 2 is divided by 35.
15
Let v(a) = -a**3 + 7*a**2 - 6*a + 7. Suppose -448*b = 7173 - 28688 - 34037. Calculate the remainder when b is divided by v(6).
5
Calculate the remainder when 1568 - 6 - (-416)/(-32) is divided by 47.
45
Let d(v) = -5*v - 452. What is the remainder when 9602 is divided by d(-97)?
32
Suppose -26879*d + 26936*d - 456 = 0. Suppose -2 = j - 1, 2*j + 98 = 3*x. Let n = x - 18. Calculate the remainder when n is divided by d.
6
Calculate the remainder when 93 is divided by (76/12 - 7)*7/(28/(-156)).
15
Let n be 3912/(-54) - (-16)/36. Calculate the remainder when n/(-252) + (-612)/(-14) is divided by 7.
2
Let u(d) = d + 48. Suppose 24 = -2*k + 14, -4*l - 3*k = -561. What is the remainder when l is divided by u(-11)?
33
Let l = 3345 + -3336. Calculate the remainder when 161 is divided by l.
8
Let r(o) = -19*o + 117. Let p be r(6). Suppose 0*f = -3*f + p*b + 153, -5*b = 4*f - 195. Let m(d) = -4*d + 6. What is the remainder when f is divided by m(-5)?
24
Let b(n) = 230*n - 15. Let s be b(2). Let h(d) = 2*d + 1. Let j be h(6). Suppose s - j = 12*v. Calculate the remainder when 139 is divided by v.
31
Let w be ((-25)/10*3)/(3/316). Let h = w + 1265. Calculate the remainder when h is divided by 30.
25
Suppose 0 = -3*c + 3*m + 585, -4*c + 13*m - 11*m = -764. What is the remainder when 1302 is divided by c?
180
Let y(u) = -u**3 + 12*u**2 - 20*u - 1. Let p be y(10). What is the remainder when p/(-5) + (-4170)/(-25) is divided by 28?
27
Suppose -8*q + 748 = 148. Suppose -2*u - 6 = 0, -o + 5*u - q = -6*o. Calculate the remainder when 20 is divided by o.
2
Let a = -1106 + 1230. What is the remainder when 372 is divided by a?
0
Let c(h) = -3*h**3 + 9*h**2 - 2*h - 7. Let p be c(6). Let n = p + 614. Calculate the remainder when n is divided by 69.
64
Suppose -3*s = 5*a - 140, -3*s + 4*a + 75 = -2*s. Let w = -188 - -156. What is the remainder when s is divided by 1 - (w + 14/(-7) + 4)?
24
Let c(l) = -l**3 - 5*l**2 + 6*l + 17. What is the remainder when 453/7 + 24/84 is divided by c(-6)?
14
Let j = -316 + 332. What is the remainder when 257 is divided by j?
1
Suppose 27460 = 5*c + 26665. What is the remainder when 194 is divided by c?
35
Let i = 3171 + -3045. What is the remainder when 496 is divided by i?
118
Suppose 0 = -4*i - 65*i + 26304 + 29724. Calculate the remainder when i is divided by 30.
2
Let y = -241 - -414. Let u(a) = 2 + 7*a**2 - 4*a**2 - 7*a + 18*a. Calculate the remainder when y is divided by u(-5).
19
Let h(b) = -b**3 - 38*b**2 - 104*b + 16. Let r be h(-35). Let d = r + 47. Calculate the remainder when 66 is divided by d.
10
Suppose -14*q = -29*q + 300. Let a be 4/6*180/(-24). Let r(c) = -c**3 - 4*c**2 + 2*c - 1. What is the remainder when q is divided by r(a)?
6
Let t(b) be the second derivative of b**4/12 - 2*b**3 + 33*b**2 + 5*b - 2. What is the remainder when t(10) is divided by 12?
10
Let t = -75 + 183. What is the remainder when 120 is divided by 4/6*-55*t/(-72)?
10
Let z = 2969 + -2916. What is the remainder when 412 is divided by z?
41
Suppose 36*s + 2760 = 12*s. Let p = s - -121. Let l(r) = 2*r**2 - 5*r + 1. Calculate the remainder when l(4) is divided by p.
1
Let l = -9 - -13. Suppose -140 + 32 = -l*g. Suppose -25*c + g = -22*c. Calculate the remainder when 51 is divided by c.
6
Suppose -2*x - x - 12 = 0, 4*v - 820 = -3*x. Calculate the remainder when 1/3 - (-5 - v/6) is divided by 1*8*2 - 2.
12
Let c(d) = 8*d**2 - 13*d - 11. Suppose -1 - 8 = 9*x. What is the remainder when 227/4 + (-2)/(-8) is divided by c(x)?
7
Let t = -329 + 472. Suppose 146*d - 51 = t*d. What is the remainder when 389 is divided by d?
15
Suppose 2*f = 328 - 76. Suppose 2*v = -4*z + 120, -v + 2*z + f = v. What is the remainder when v is divided by 19?
5
Let n = 7131 + -7025. Calculate the remainder when n is divided by 31.
13
Let q(i) = 155*i + 811. Calculate the remainder when -2*4/((-24)/753) is divided by q(-5).
35
Let b = 5633 + -4755. What is the remainder when 1763 is divided by b?
7
Let o(u) = -22*u - 13. Let n be o(-1). Let b be 14/(-49) - (-114)/7. Let h = b + n. What is the remainder when 49 is divided by h?
24
Suppose 1669 - 349 = 132*v. What is the remainder when 39 is divided by v?
9
Let u = 29 - 26. Suppose u*j - 24 = 246. What is the remainder when j is divided by 2/(-11)*1 + (-633)/(-33)?
14
Suppose 233*z = 438*z - 217*z + 552. Calculate the remainder when 89 is divided by z.
43
Let r(u) = 2*u**3 - 6*u**2 + 4*u - 5. Let l = -546 + 549. Calculate the remainder when r(l) is divided by 68/18 - 4/(-18).
3
Let b(d) = -14*d + 29. Let p be b(-10). Suppose p + 836 = 3*s. Suppose s = r + 2*r - j, 0 = 2*j + 10. What is the remainder when r is divided by 28?
26
Suppose -j - 155 = 3*l, -11*l + 12*l = j + 163. Let p = -1 - j. Calculate the remainder when p is divided by 23.
22
Let v(k) = 1 + 64*k + 1 + 82*k + 2. What is the remainder when v(1) is divided by 42 + (-8 + 4 - 0)?
36
Let g = 409 + -406. Suppose -2*p = z - 208, g*z = -0*z - 2*p + 636. What is the remainder when z is divided by 24?
22
Suppose 3*k = -3*p + 413 - 2, -k + 411 = 3*p. Calculate the remainder when 861 is divided by p.
39
Let m = -542 - -550. Calculate the remainder when ((-8)/26)/2 + (-119)/(-13) is divided by m.
1
Let t(w) = -w**3 - 4*w**2 + 2*w - 1. Let m be t(-4). Let n(j) = -2*j - 4. Let c = -11858 - -11941. What is the remainder when c is divided by n(m)?
13
Suppose 57*g - 24783 = 46*g. Calculate the remainder when 2/3 - g/(-9) is divided by 63.
62
Suppose 0 = 74*c - 78*c + 12. What is the remainder when 387/3 - (c + -10) is divided by 46?
44
Suppose 0 = 2*s + t - 60, 0 = 3*s + 3*t - 8*t - 103. Let k = s - -15. Calculate the remainder when 178 is divided by k.
40
Let s(o) = 121*o**3 - 2*o**2 + 2*o - 1. Let i be s(1). Let t = -12 + i. What is the remainder when t is divided by 28?
24
Let l be (-6 + (16 - 1))*(-248)/(-3). Let f = l - 457. What is the remainder when f is divided by 58?
55
Suppose 5*j + 4*n = 69, -2*n + 77 = -j + 6*j. Suppose -4*g + j = -427. Suppose -9*s + g = -33. What is the remainder when 46 is divided by s?
14
Suppose -7*a + 216 = -3*a. Let b(n) = n**2 - 3*n - 11. Let i be b(12). Let r = i - a. What is the remainder when r is divided by 15?
13
Let p(g) = -6*g**3 - 3*g**2 + 4*g + 1. Let o be (4/(-6))/(4/18). What is the remainder when p(-3) is divided by 3 - (-31 + -5) - o?
40
Let s be (2 + 1)/3*15. Suppose s = 13*o - 16*o. Calculate the remainder when (-1872)/(-80) - (-2)/o is divided by 4.
3
Suppose -502 = -3*d - z - 157, 0 = 3*d + 2*z - 342. Suppose -d*p = -115*p - 172. What is the remainder when p is divided by 44?
40
Suppose -3*z - z - 2921 = -3113. Calculate the remainder when 233 is divided by z.
41
Suppose -3*j + 184 + 44 = 0. Let d(b) = -2*b + 116. Let u = 129 + -84. Calculate the remainder when j is divided by d(u).
24
Calculate the remainder when 121 is divided by -8*(((-3)/(-10))/(-3) + 1517/(-205)).
1
Let l(f) = -169*f - 280. What is the remainder when 1212 is divided by l(-2)?
52
Suppose o + 21 - 24 = 0. Suppose 2*h = -3*z - 7 + 17, -o = 3*h. Suppose z*t + l - 80 = 10, 0 = 3*t + 3*l - 72. Calculate the remainder when 60 is divided by t.
16
Suppose -2*q - 6*q - 64 = 0. Let j(x) = -x**3 - 6*x**2 + 15*x + 20. Let v be j(q). Let c = v - 22. What is the remainder when 17 is divided by c?
5
Suppose 0 = -5*l - 2*u + 22 + 18, 40 = 5*l - 3*u. Calculate the remainder when 1434 is divided by l.
2
Suppose -2*z + 476 = 112. Let h(s) = -19*s - 643. Calculate the remainder when z is divided by h(-36).
18
Suppose -10*h + 80 = -2*h. Let u(s) = 18*s + 23 - 2*s**2 + 7*s**2 + 5*s**2 - 11*s**2. Calculate the remainder when h is divided by u(19).
2
Calculate the remainder when 1137 is divided by -45 - -62 - (-1)/2*30/(-3).
9
Suppose l - 2*v = 231, 23 = -l - 3*v + 239. What is the remainder when l is divided by 44?
5
Let i = -83 + 107. Suppose 48*v - 1854 = 42*v. What is the remainder when v is divided by i?
21
Suppose -39*w = -61267 - 35531. Calculate the remainder when w is divided by 1231.
20
Suppose 0 = -2*g + g - 5*j + 10, 2*g = j + 42. Suppose -3*n + g = n. Wha